{"id":574,"date":"2025-11-13T18:50:39","date_gmt":"2025-11-13T18:50:39","guid":{"rendered":"https:\/\/www.dlf.fi\/stmbbnew\/?page_id=574"},"modified":"2026-03-30T12:55:15","modified_gmt":"2026-03-30T12:55:15","slug":"fi-info-fantasia","status":"publish","type":"page","link":"https:\/\/www.dlf.fi\/stmbbnew\/?page_id=574","title":{"rendered":"FI Info Fantasia"},"content":{"rendered":"\n<div class=\"wp-block-columns alignwide is-layout-flex wp-container-core-columns-is-layout-28f84493 wp-block-columns-is-layout-flex\">\n<div class=\"wp-block-column is-style-section-1 is-layout-flow wp-block-column-is-layout-flow is-style-section-1--1\" style=\"flex-basis:33.33%\">\n<p><\/p>\n\n\n\n<div class=\"wp-block-columns is-layout-flex wp-container-core-columns-is-layout-28f84493 wp-block-columns-is-layout-flex\">\n<div class=\"wp-block-column is-layout-flow wp-block-column-is-layout-flow\"><\/div>\n<\/div>\n<\/div>\n\n\n\n<div class=\"wp-block-column is-layout-flow wp-block-column-is-layout-flow\" style=\"flex-basis:66.66%\">\n<h2 class=\"wp-block-heading\">Tapahtumia<br><\/h2>\n\n\n\n<p><\/p>\n\n\n\n<div class=\"wp-block-media-text has-media-on-the-right is-stacked-on-mobile\"><div class=\"wp-block-media-text__content\">\n<p>Black Sheep 14.9.2024<\/p>\n<\/div><figure class=\"wp-block-media-text__media\"><img loading=\"lazy\" decoding=\"async\" width=\"526\" height=\"276\" src=\"http:\/\/www.dlf.fi\/stmbbnew\/wp-content\/uploads\/2025\/10\/Fantasia-at-Black-Sheep.jpg\" alt=\"\" class=\"wp-image-412 size-full\" srcset=\"https:\/\/www.dlf.fi\/stmbbnew\/wp-content\/uploads\/2025\/10\/Fantasia-at-Black-Sheep.jpg 526w, https:\/\/www.dlf.fi\/stmbbnew\/wp-content\/uploads\/2025\/10\/Fantasia-at-Black-Sheep-300x157.jpg 300w\" sizes=\"auto, (max-width: 526px) 100vw, 526px\" \/><\/figure><\/div>\n\n\n\n<div class=\"wp-block-media-text has-media-on-the-right is-stacked-on-mobile is-vertically-aligned-top alignwide is-position-right\" style=\"grid-template-columns:auto 35%\"><div class=\"wp-block-media-text__content\">\n<p class=\"has-text-align-left is-style-default\">ROTOSROCK 2019 Torstai 5.12 klo 20 &#8211; 24<br>45 Special klubilla Oulussa.<br>Lis\u00e4tietoja Fantasian fb sivuilta (www.facebook.com\/fantasia1975)<br>sek\u00e4 Rotos ry ja 45 Special sivuilta<\/p>\n<\/div><figure class=\"wp-block-media-text__media\"><img loading=\"lazy\" decoding=\"async\" width=\"1024\" height=\"573\" src=\"http:\/\/www.dlf.fi\/stmbbnew\/wp-content\/uploads\/2025\/07\/Rotos-1024x573.jpg\" alt=\"\" class=\"wp-image-91 size-full\" srcset=\"https:\/\/www.dlf.fi\/stmbbnew\/wp-content\/uploads\/2025\/07\/Rotos-1024x573.jpg 1024w, https:\/\/www.dlf.fi\/stmbbnew\/wp-content\/uploads\/2025\/07\/Rotos-300x168.jpg 300w, https:\/\/www.dlf.fi\/stmbbnew\/wp-content\/uploads\/2025\/07\/Rotos-768x430.jpg 768w, https:\/\/www.dlf.fi\/stmbbnew\/wp-content\/uploads\/2025\/07\/Rotos-1536x860.jpg 1536w, https:\/\/www.dlf.fi\/stmbbnew\/wp-content\/uploads\/2025\/07\/Rotos.jpg 1832w\" sizes=\"auto, (max-width: 1024px) 100vw, 1024px\" \/><\/figure><\/div>\n\n\n\n<div class=\"wp-block-media-text has-media-on-the-right is-stacked-on-mobile\"><div class=\"wp-block-media-text__content\">\n<p>Fantasian uuden levyn miksaus-masterointi edistyy ja single tulevalta tupla cd:lt\u00e4 on julkaistu<br>Limited edition promo single on saatavana www.pimujamu.fi verkkokaupasta, l\u00f6ytyy my\u00f6s spotifyista<\/p>\n\n\n\n<p>Tiedoksi,Fantasian facebook sivu pysyy paremmin ajankohtaisena.<br>Tuleva \u201dpitk\u00e4soitto\u201d sis\u00e4lt\u00e4\u00e4 kappaleet sek\u00e4 englanniksi ett\u00e4 suomeksi, singlell\u00e4 Desert Storm \u2013 T\u00e4m\u00e4 Uni antaa esimakua tulevasta.<\/p>\n<\/div><figure class=\"wp-block-media-text__media\"><img loading=\"lazy\" decoding=\"async\" width=\"824\" height=\"822\" src=\"http:\/\/www.dlf.fi\/stmbbnew\/wp-content\/uploads\/2025\/07\/SinkkuLabelPienempi.jpg\" alt=\"\" class=\"wp-image-94 size-full\" srcset=\"https:\/\/www.dlf.fi\/stmbbnew\/wp-content\/uploads\/2025\/07\/SinkkuLabelPienempi.jpg 824w, https:\/\/www.dlf.fi\/stmbbnew\/wp-content\/uploads\/2025\/07\/SinkkuLabelPienempi-300x300.jpg 300w, https:\/\/www.dlf.fi\/stmbbnew\/wp-content\/uploads\/2025\/07\/SinkkuLabelPienempi-150x150.jpg 150w, https:\/\/www.dlf.fi\/stmbbnew\/wp-content\/uploads\/2025\/07\/SinkkuLabelPienempi-768x766.jpg 768w\" sizes=\"auto, (max-width: 824px) 100vw, 824px\" \/><\/figure><\/div>\n\n\n\n<div class=\"wp-block-media-text has-media-on-the-right is-stacked-on-mobile\"><div class=\"wp-block-media-text__content\">\n<p>FANTASIA -IN CONCERT<br>Schauman sali-Pietarsaari<br>lauantai 11.02-2017<br>Klo 19.00-21.30<\/p>\n\n\n\n<p><a href=\"http:\/\/www.facebook.com\/fantasia1975\">www.facebook.com\/fantasia1975<\/a><\/p>\n<\/div><figure class=\"wp-block-media-text__media\"><img loading=\"lazy\" decoding=\"async\" width=\"500\" height=\"700\" src=\"http:\/\/www.dlf.fi\/stmbbnew\/wp-content\/uploads\/2025\/07\/muusikoiden-juliste-300dp1.jpg\" alt=\"\" class=\"wp-image-84 size-full\" srcset=\"https:\/\/www.dlf.fi\/stmbbnew\/wp-content\/uploads\/2025\/07\/muusikoiden-juliste-300dp1.jpg 500w, https:\/\/www.dlf.fi\/stmbbnew\/wp-content\/uploads\/2025\/07\/muusikoiden-juliste-300dp1-214x300.jpg 214w\" sizes=\"auto, (max-width: 500px) 100vw, 500px\" \/><\/figure><\/div>\n\n\n\n<div class=\"wp-block-media-text has-media-on-the-right is-stacked-on-mobile\"><div class=\"wp-block-media-text__content\">\n<p>&#8221;EN KV\u00c4LL F\u00d6R NATTEN&#8221;<br>MOODY (Pietarsaaren Kaupunginhotelli)<br>La 21.3-2015<\/p>\n<\/div><figure class=\"wp-block-media-text__media\"><img loading=\"lazy\" decoding=\"async\" width=\"678\" height=\"960\" src=\"http:\/\/www.dlf.fi\/stmbbnew\/wp-content\/uploads\/2025\/07\/natten_affisch.jpg\" alt=\"\" class=\"wp-image-85 size-full\" srcset=\"https:\/\/www.dlf.fi\/stmbbnew\/wp-content\/uploads\/2025\/07\/natten_affisch.jpg 678w, https:\/\/www.dlf.fi\/stmbbnew\/wp-content\/uploads\/2025\/07\/natten_affisch-212x300.jpg 212w\" sizes=\"auto, (max-width: 678px) 100vw, 678px\" \/><\/figure><\/div>\n<\/div>\n<\/div>\n\n\n\n<hr class=\"wp-block-separator has-alpha-channel-opacity is-style-wide is-style-wide--2\"\/>\n\n\n\n<p><\/p>\n","protected":false},"excerpt":{"rendered":"<p>Tapahtumia Black Sheep 14.9.2024 ROTOSROCK 2019 Torstai 5.12 klo 20 &#8211; 2445 Special klubilla Oulussa.Lis\u00e4tietoja Fantasian fb sivuilta (www.facebook.com\/fantasia1975)sek\u00e4 Rotos ry ja 45 Special sivuilta Fantasian uuden levyn miksaus-masterointi edistyy ja single tulevalta tupla cd:lt\u00e4 on julkaistuLimited edition promo single on saatavana www.pimujamu.fi verkkokaupasta, l\u00f6ytyy my\u00f6s spotifyista Tiedoksi,Fantasian facebook sivu pysyy paremmin ajankohtaisena.Tuleva \u201dpitk\u00e4soitto\u201d sis\u00e4lt\u00e4\u00e4 [&hellip;]<\/p>\n","protected":false},"author":2,"featured_media":0,"parent":22,"menu_order":0,"comment_status":"closed","ping_status":"closed","template":"","meta":{"footnotes":""},"class_list":["post-574","page","type-page","status-publish","hentry"],"_links":{"self":[{"href":"https:\/\/www.dlf.fi\/stmbbnew\/index.php?rest_route=\/wp\/v2\/pages\/574","targetHints":{"allow":["GET"]}}],"collection":[{"href":"https:\/\/www.dlf.fi\/stmbbnew\/index.php?rest_route=\/wp\/v2\/pages"}],"about":[{"href":"https:\/\/www.dlf.fi\/stmbbnew\/index.php?rest_route=\/wp\/v2\/types\/page"}],"author":[{"embeddable":true,"href":"https:\/\/www.dlf.fi\/stmbbnew\/index.php?rest_route=\/wp\/v2\/users\/2"}],"replies":[{"embeddable":true,"href":"https:\/\/www.dlf.fi\/stmbbnew\/index.php?rest_route=%2Fwp%2Fv2%2Fcomments&post=574"}],"version-history":[{"count":12,"href":"https:\/\/www.dlf.fi\/stmbbnew\/index.php?rest_route=\/wp\/v2\/pages\/574\/revisions"}],"predecessor-version":[{"id":1129,"href":"https:\/\/www.dlf.fi\/stmbbnew\/index.php?rest_route=\/wp\/v2\/pages\/574\/revisions\/1129"}],"up":[{"embeddable":true,"href":"https:\/\/www.dlf.fi\/stmbbnew\/index.php?rest_route=\/wp\/v2\/pages\/22"}],"wp:attachment":[{"href":"https:\/\/www.dlf.fi\/stmbbnew\/index.php?rest_route=%2Fwp%2Fv2%2Fmedia&parent=574"}],"curies":[{"name":"wp","href":"https:\/\/api.w.org\/{rel}","templated":true}]}}